2)) + 2.
-2
(4 - 4) + 3 + -1
2
(-8 - 4 - -6) + 9
3
What is -5 - (-12 - (-6 + 1))?
2
30 - (17 - -8) - (15 - 1)
-9
What is the value of 2 - -3 - (-2 + -2 + 5)?
4
Evaluate -10 + 2 + -10 + 17.
-1
What is 2 + -9 + (8 - 1)?
0
Evaluate 0 + 9 + -16 + 11.
4
Evaluate -2 - (-4 - (-1 + 3)) - 1.
3
Calculate -3 - -1 - (-3 - -5 - 5).
1
-10 - (-14 + 5 - -4)
-5
What is the value of -22 + 31 - (3 - -14)?
-8
Calculate 0 - (10 + -4) - -6.
0
Calculate (-4 + 1 - (-10 - -2)) + 0.
5
What is the value of 10 - (12 - -5) - (-2 + -14)?
9
What is the value of -1 - 1 - (8 - 7)?
-3
Evaluate -6 + 8 + -4 + 3.
1
Calculate 3 + (-2 + 0 - 2).
-1
What is 2 - ((-9 - -1) + 6)?
4
What is (-6 - -3) + -8 - -6?
-5
Evaluate -8 - (-3 + 0) - -6.
1
What is (-15 - (7 - 26)) + -2 + -6?
-4
-1 + -8 + 9 - (0 - 3)
3
2 + 2 - -1 - (20 + -14)
-1
Calculate (2 - (10 - (-2 - -6))) + 10.
6
What is -4 + (-6 - -17) - 12?
-5
What is 4 - ((5 - 3) + 5)?
-3
(7 - 4) + (-7 - 0)
-4
What is the value of (-3 - (-1 - 6)) + -11 + 9?
2
What is the value of 7 + (-4 - 2) + -2?
-1
What is 11 - (12 - 7) - (1 + 5)?
0
What is the value of -1 - 1 - (-3 + (1 - 2))?
2
-3 + (2 - 4 - -6)
1
What is the value of 0 - 6 - (-5 + 6 - 2)?
-5
3 - (2 - -1 - -3)
-3
What is the value of (10 + -8 - -7) + -1?
8
4 - 9 - (-5 + 4)
-4
Evaluate 1 + -4 + 1 + 2 + 2.
2
-9 + 5 + 16 + -3
9
What is -9 + (-4 - (2 - 8))?
-7
Evaluate -7 + -1 + 2 + (4 - 2).
-4
Calculate -1 - 0 - (-1 - 0).
0
Calculate 1 + (10 - 5) + -3.
3
What is the value of -1 + -8 + 8 + (4 - 7)?
-4
What is -4 - -1 - 1 - (2 - 5)?
-1
Evaluate (-8 - -20) + -8 - -1.
5
Evaluate (5 - (3 - 1)) + (2 - 4).
1
What is (5 - (5 + -7)) + -12?
-5
4 + (-1 - -1) - (-24 - -32)
-4
What is the value of (1 - -11) + -7 - 6?
-1
2 + (3 - 1) + 2 + -2
4
What is 5 + (-4 - (3 + -1)) - -4?
3
Evaluate -10 + -4 + 7 - (-6 + -1).
0
What is the value of -1 + -2 + 2 - -9?
8
Evaluate (-9 - (5 - (4 - -7))) + -4.
-7
What is the value of -13 + (8 - -12) + -11?
-4
What is -6 + 13 + -7 + 1 + -1?
0
What is -13 + 13 + 2 + -2?
0
Calculate 4 - (-2 + (-3 - -9) + -2).
2
What is the value of 14 + -17 + -1 - (0 - 1)?
-3
What is the value of -8 + (13 - -3) - 4?
4
Calculate 4 + -2 + -3 + 4.
3
What is the value of 0 + (2 - 3 - (-1 - -1))?
-1
(1 - (-2 - -2)) + 1 + 2
4
Evaluate (38 - 31) + -5 + -2.
0
Evaluate 2 + -1 - -2 - (2 + 1).
0
0 - (-5 + (-4 - -5))
4
Calculate (-2 - 0) + 3 + (-2 - -1).
0
What is the value of -3 + (-2 - (-9 + 0))?
4
5 + (3 - (2 + 4))
2
What is 0 + (2 + -1 - 3) + 2?
0
Calculate (-2 - -2) + 0 - 2 - -2.
0
Calculate -4 + -1 + 4 + -14 + 12.
-3
What is the value of -1 + 1 - -3 - 0?
3
Calculate -1 + -2 + 4 + 2 + -7.
-4
What is the value of 0 + (2 - (2 + -1) - -2)?
3
Evaluate (-6 - -9) + -1 - 1.
1
Evaluate 7 + (-2 - -4 - 10).
-1
(2 + -3 - 1 - -4) + 0
2
Evaluate -1 - (-7 + 15 + -3).
-6
Calculate -7 - (-4 - ((-4 - 0) + 2)).
-5
Calculate -5 - -8 - 2 - (1 - 3).
3
Evaluate (-2 + 2 + 4 - 1) + -8.
-5
What is the value of -5 + (1 + 2 - (-28 - -25))?
1
Calculate 5 + -10 + 3 + (2 - -4).
4
What is the value of (-7 - -1) + 4 + -1 + -1?
-4
2 - (-1 + 1 + 3)
-1
Calculate -7 + -7 + 14 + -6.
-6
Evaluate (-3 - (-5 + 2)) + 3 + -1.
2
What is the value of (7 - 13) + 4 + (0 - -7)?
5
What is -6 + 3 + 0 + -3 + 8?
2
Calculate -3 + -1 + -7 + 7.
-4
Calculate -1 + 7 + -3 + 0 - 6.
-3
What is the value of 2 + (2 - 4) + -2?
-2
Calculate -1 + 2 + (-2 - -4).
3
Calculate 10 - (-9 - (2 - 27)).
-6
What is the value of -3 - (-5 + -2) - (-16 - -14)?
6
What is the value of 10 - (17 + -14 - -9)?
-2
Calculate 2 + -3 - ((-2 - -5) + 0).
-4
Evaluate 7 + (2 - 4) + 0.
5
What is the value of (14 - 0) + -9 + 2?
7
Evaluate (-7 - -1) + 0 + 1.
-5
Calculate -1 + -6 + (15 - 4).
4
Evaluate (-28 - (-3 + -11)) + 10.
-4
4 + (-2 - 10) + 9
1
What is -5 - (5 - (7 + -4))?
-7
Evaluate (1 - 4) + (0 - -4) + -4.
-3
Evaluate -10 - -6 - ((1 - 5) + 4).
-4
Calculate (2 - -2) + -3 + 4 - 15.
-10
Evaluate 8 + (-2 - -4) + -1 + -3.
6
4 - (5 - 0) - 2
-3
1 + 2 - (-2 + 6 + 2)
-3
What is the value of 0 + -14 + (-54 - -62)?
-6
Evaluate (2 - 7) + (0 - -2).
-3
What is the value of (-2 - -6 - 8) + -2 + 6?
0
What is (1 - 11) + -3 + 2 + 5?
-6
Calculate 1 + -2 + 1 + 16 + -22.
-6
Evaluate -7 - -10 - (3 + (1 - 2)).
1
2 + 2 + -7 + 0 + -1
-4
-6 + -2 - (-58 - -42)
8
2 + -7 - (-7 - -4)
-2
What is the value of (-2 + 5 - -14) + -10?
7
What is 6 - (-3 - -8) - -2?
3
Calculate 10 + (-8 - 5) + 11.
8
What is the value of 4 - ((-1 - 0) + 13 + -3)?
-5
-1 + -5 + (5 - 1)
-2
(7 - 12) + 13 + 1
9
-14 + 10 - (-3 - 3)
2
What is 3 + (-3 - (4 - 1))?
-3
Calculate -2 + 3 + -2 + -1 - 1.
-3
Evaluate 6 + -4 + 4 + -7.
-1
What is the value of 15 - (-6 - -2 - -15)?
4
Evaluate -5 - (-3 + (4 - 4)).
-2
What is 8 - (-1 - -5 - -5)?
-1
What is 2 + (-2 - -7) + -6?
1
Evaluate 7 - (-1 + 0) - 11.
-3
Evaluate 4 + (0 - -1 - (14 + -8)).
-1
Calculate 0 + -1 + (10 - 4) + -5.
0
Calculate -4 + (6 - (2 - -4)).
-4
Calculate 4 + -14 + 2 + 1.
-7
Evaluate -2 - (18 + -10 + -3).
-7
What is 25 + -27 - (-7 + 2)?
3
Calculate -6 + ((18 - 3) + -1 - 4).
4
Calculate -9 + (-2 - -6) + 0.
-5
What is 6 - ((2 - 0) + -6 + 7)?
3
Calculate 27 - 28 - (-11 + (-1 - 0)).
11
Evaluate -4 - (-2 - -7 - 8) - -6.
5
What is the value of 0 + (1 + 2 - -2)?
5
Evaluate (-6 - -2) + 17 + (6 - 15).
4
1 + (0 + 2 - 3)
0
4 + (-7 - (3 + -13 - -1))
6
Evaluate (-2 - (-3 + (-1 - -3))) + -3.
-4
Calculate 1 - ((-2 - 3) + 2).
4
Calculate -1 + -1 + 16 + -14 - 3.
-3
(1 - 4) + 2 + -1
-2
2 + -1 - -3 - 7 - -5
2
Evaluate -1 + (-1 - 0) + 17 + -18.
-3
What is -1 - ((-6 - 1) + (-10 - -13))?
3
Evaluate 4 + -4 + -1 + -2.
-3
Evaluate 2 - (-2 + 9 + -5).
0
Calculate (21 - 15 - (-1 + 11)) + -1.
-5
What is 0 - 3 - -11 - -1?
9
Evaluate 9 - 5 - (3 + 0).
1
What is the value of 1 - -2 - (6 + 5 - 10)?
2
12 + -5 - (8 - 1)
0
Calculate -8 + -6 + 14 + 5.
5
What is the value of 3 - (16 + (5 - 13))?
-5
What is 1 + (6 - 16) + 5 + 2?
-2
What is the value of 3 + -4 + (-3 - (-4 - 0))?
0
2 - (-2 + 5) - 0
-1
Evaluate 71 - 77 - (0 - -4).
-10
Evaluate -7 + -1 + (18 - 9).
1
(4 - -1) + (-5 - -10) + -6
4
What is -4 + 3 + 2 + -4 + 3?
0
Evaluate 7 - (-1 + -3 - -6).
5
What is -2 + (1 - 15) + 6?
-10
What is -11 + (2 - -5) + 3?
-1
Calculate -3 - (-2 + (-4 - (4 - 10))).
-3
What is the value of -8 + 4 + -5 + 1 - -3?
-5
Evaluate -1 - (-13 - -11 - (1 - 4)).
-2
What is -5 + 5 + (6 - 2) + -9?
-5
What is the value of (2 - 7) + 7 + (1 - -1)?
4
What is 7 - 5 - 6 - 3?
-7
What is the value of -2 + 4 + -7 - -3 - -5?
3
Evaluate (-1 + 2 - -1 - 4) + -6.
-8
What is the value of (1 - -2 - 1) + 19 + -17?
4
What is (0 - (1 + -1)) + (-435 - -428)?
-7
-1 + (-2 - 0) + 0 + 5
2
Evaluate -10 - (-8 + 11 + -13).
0
Evaluate 2 + (4 - 11) - -9.
4
What is 0 + -2 - 0 - -6?
4
What is 5 + -8 + 2 + (-3 - 0)?
-4
What is the value of -11 + 14 - (4 + 1)?
-2
-3 + 5 + (-8 + 4 - -3)
1
4 + 4 + 0 - (14 - 6)
0
What is 3 - (5 - 1 - 2)?
1
4 + (5 - 1) + -8
0
Evaluate -4 - (-1 - 2) - -6.
5
What is the value of (-2 - -1) + -6 + 12?
5
What is the value of 4 + (2 - 6 - 5)?
-5
Evaluate 7 - (6 - (2 + 2 - 0)).
5
-2 + -6 + (-7 - -27) + -4
8
Calculate -6 - -3 - (4 - 9).
2
(-1 - (-8 + 3)) + -2 + -2
0
What is -2 - (1 - (3 + (5 - 3)))?
2
What is (1 - 9) + 14 + -11?
-5
Evaluate (3 - 0) + (2 - 8) + 4.
1
3 + (8 - 4) - 8
-1
What is the value of 1 + 0 + 1 - (1 + 5)?
-4
Calculate -2 - (3 - (4 + -4)).
-5
What is -5 + 0 + 4 - (1 - -1)?
-3
-2 + 3 - (-3 - (-5 - -2))
1
What is the value of -2 + -5 + (-12 - -11)?
-8
Evaluate 3 - ((8 - (2 + 1)) + -3).
1
Calculate 1 + (-7 - 0) + -3.
-9
Evaluate -2 - 2 - (-3 + 0).
-1
What is (-2 - -5) + -8 + 3?
-2
(6 - 1) + (-4 - -12) + -13
0
Calculate -4 - -3 - -3 - -1.
3
Calculate 3 - (0 + (-3 - -2)).
4
What is (2 - 7) + 4 + -8 + 2?
-7
1 + 13 + 0 + -8
6
-3 + (-4 - -2) - 0
-5
Calculate -14 + 7 + 4 - -6.
3
Evaluate 6 + (-3 + 1 - -2) + -3.
3
What is the value of -3 + 9 - (12 - (-4 - -8))?
-2
What is 5 + (-5 - (-6 - -2))?
4
-3 + 6 + 3 + -8
-2
What is the value of 10 + -5 - (3 - 2)?
4
Evaluate 0 + -4 + (-11 - -7).
-8
What is the value of (-1 - (3 - 3)) + (3 - 4)?
-2
-1 - 3 - (-2 - -3)
-5
What is the value of 3 + (-3 - -1) + 3 + -4?
0
What is (4 - (1 + 9)) + 3 - -7?
4
Calculate -3 + (-1 - -1 - 1) + 0.
-4
What is (2 - -6) + -3 + -5?
0
-21 - -26 - (-1 - -3) - 9
-6
What is 8 - 6 - 9 - -12?
5
-30 + 17 + (2 - -2)
-9
Calculate 0 - (3 + (3 - 5)) - -10.
9
Calculate -4 + (-1 - -9) + 1 + -3.
2
Wh